umber?
False
Is 163251917 a composite number?
False
Is 1636598867 a composite number?
False
Is 125550711719 a composite number?
False
Is 28150279081 composite?
False
Is 87596690039 a prime number?
True
Is 33394734311 prime?
True
Is 255911995 a composite number?
True
Is 2542457683 prime?
False
Is 62284585411 composite?
False
Is 111303105049 a prime number?
False
Is 1420211777 a composite number?
False
Is 8830092121 a composite number?
True
Is 19464676307 prime?
True
Is 983872847 prime?
True
Is 33793858457 prime?
True
Is 72598518665 prime?
False
Is 657966259 a composite number?
False
Is 5085896419 composite?
False
Is 9315227 a prime number?
False
Is 12430071733 a composite number?
False
Is 604846211 a composite number?
False
Is 5768474827 a composite number?
False
Is 1416648239 a prime number?
True
Is 108039659141 a prime number?
True
Is 86429327857 prime?
False
Is 1245834151 prime?
True
Is 5196042997 prime?
True
Is 9361065187 a prime number?
False
Is 2176539389 a composite number?
True
Is 65072583859 a composite number?
False
Is 1823352019 prime?
True
Is 7327601621 a prime number?
True
Is 4034183203 a prime number?
False
Is 8590982767 a prime number?
False
Is 2680730701 a composite number?
True
Is 33892078309 prime?
True
Is 7126933609 prime?
False
Is 5065120553 prime?
False
Is 1886077847 a prime number?
False
Is 40508695354 a composite number?
True
Is 145651798811 composite?
True
Is 5146616821 a prime number?
False
Is 2711302283 a prime number?
True
Is 42230609401 a composite number?
True
Is 28994711041 a prime number?
True
Is 89700711029 composite?
False
Is 388179238517 composite?
True
Is 20919515327 a prime number?
False
Is 50881822231 a composite number?
False
Is 29689331387 a composite number?
True
Is 176661479 prime?
True
Is 164351599 prime?
True
Is 2040762107 prime?
True
Is 422611283 prime?
True
Is 2052763831 prime?
True
Is 570141523 a composite number?
True
Is 19951709 prime?
True
Is 1189043203 a prime number?
False
Is 708998513 a composite number?
True
Is 11435465527 a composite number?
False
Is 82032113 composite?
False
Is 139081177 composite?
False
Is 3671766127 composite?
False
Is 4742887139 a prime number?
False
Is 12146523523 prime?
False
Is 22366109481 composite?
True
Is 5424484913 prime?
True
Is 5147289547 a composite number?
True
Is 1000641269 a composite number?
True
Is 1268583851 prime?
True
Is 9687696307 composite?
True
Is 80199607 a prime number?
True
Is 3038401111 a prime number?
True
Is 33901925893 a prime number?
False
Is 1275595721 prime?
True
Is 2139763897 a composite number?
False
Is 5329799359 a prime number?
True
Is 1857726217 prime?
True
Is 1306822289 a prime number?
True
Is 2456904797 composite?
False
Is 47115909067 a prime number?
True
Is 1041871931 a prime number?
True
Is 777725891 a prime number?
True
Is 234889783 a prime number?
True
Is 8875987121 a composite number?
True
Is 3303108631 composite?
False
Is 8134409639 prime?
False
Is 3196476263 prime?
True
Is 2596460947 a prime number?
True
Is 50038999 composite?
True
Is 3331213343 composite?
False
Is 8552459923 composite?
True
Is 620603078 prime?
False
Is 20218010453 prime?
True
Is 721239089 a prime number?
True
Is 13142177767 a prime number?
True
Is 11495844691 prime?
False
Is 5010667043 prime?
False
Is 56429851099 composite?
False
Is 5291318003 a composite number?
True
Is 175333679 prime?
False
Is 15770314685 a composite number?
True
Is 1231787111 composite?
True
Is 8125363937 prime?
False
Is 4738504247 a composite number?
False
Is 19296588683 a composite number?
True
Is 1023453121 a composite number?
False
Is 216559249 a prime number?
True
Is 268034537 prime?
False
Is 418077094 a prime number?
False
Is 16862176021 composite?
False
Is 54764227517 composite?
True
Is 42002892529 prime?
False
Is 25157038471 prime?
True
Is 5460101039 prime?
False
Is 63138961 prime?
True
Is 1904018447 a prime number?
False
Is 78661966987 composite?
False
Is 2112346753 prime?
False
Is 1641821419 prime?
False
Is 703873483 a composite number?
False
Is 43357055779 a composite number?
True
Is 1595892853 a composite number?
False
Is 3714574901 composite?
True
Is 2637959351 a prime number?
False
Is 232352591 a composite number?
False
Is 369273899 a composite number?
True
Is 19630668901 a prime number?
False
Is 2085205753 prime?
False
Is 924929267 prime?
True
Is 117355863563 a prime number?
True
Is 127582154143 prime?
True
Is 2265268303 composite?
True
Is 19887476495 a composite number?
True
Is 572728241 a composite number?
False
Is 6016957769 a composite number?
False
Is 4294460647 a prime number?
True
Is 2446675909 prime?
False
Is 8998785241 composite?
True
Is 14110420543 a prime number?
True
Is 49919291621 a prime number?
True
Is 1719555339 a composite number?
True
Is 894038897 a composite number?
True
Is 83605859567 a prime number?
True
Is 2191650374 a prime number?
False
Is 2239687 a composite number?
False
Is 137290541 a composite number?
False
Is 1634754619 composite?
True
Is 751017571 prime?
False
Is 148818712061 a prime number?
False
Is 846905781 a prime number?
False
Is 2724301919 a prime number?
False
Is 1168640349 a prime number?
False
Is 341795747 composite?
False
Is 28660371289 prime?
False
Is 449203099 prime?
True
Is 8098029697 a composite number?
True
Is 23370353 a prime number?
False
Is 52158824369 prime?
True
Is 1861178993 composite?
False
Is 801353957 a composite number?
True
Is 326445901 a prime number?
True
Is 249000239 prime?
False
Is 15341546527 prime?
True
Is 16104978983 a prime number?
True
Is 11108809163 a prime number?
False
Is 1565975779 composite?
True
Is 7218346271 a prime number?
True
Is 207447769 composite?
True
Is 14465361457 prime?
False
Is 7433192359 a prime number?
False
Is 4507112249 prime?
True
Is 5163474709 a composite number?
True
Is 10970696833 a prime number?
False
Is 529817399 composite?
False
Is 137292553837 a composite number?
True
Is 3838784231 a prime number?
True
Is 1679082169 a composite number?
True
Is 514357807 prime?
False
Is 2860704059 composite?
False
Is 510685867 prime?
True
Is 93154717 composite?
True
Is 219160192217 composite?
False
Is 8851490437 a composite number?
False
Is 20275519151 prime?
True
Is 20606121413 a composite number?
True
Is 503964653 composite?
False
Is 12645349877 composite?
False
Is 41545984583 a prime number?
False
Is 70835936921 a composite number?
False
Is 2200052567 a composite number?
False
Is 37230985261 a composite number?
True
Is 5730879373 composite?
True
Is 7533924001 a prime number?
True
Is 92045983 prime?
True
Is 2394458317 a composite number?
False
Is 1311344165 a prime number?
False
Is 33570589303 prime?
True
Is 90124708537 prime?
False
Is 1357706483 composite?
True
Is 2450946461 prime?
False
Is 765289021 composite?
True
Is 14490135887 prime?
True
Is 94609649029 composite?
True
Is 1990450997 composite?
False
Is 39232759169 a prime number?
True
Is 6903149221 a composite number?
False
Is 149156951 composite?
False
Is 12907560341 composite?
True
Is 777100867 a prime number?
False
Is 12599409707 a composite number?
False
Is 820869607 a prime number?
True
Is 12631181999 prime?
True
Is 48336087769 a composite number?
False
Is 20428097827 a composite number?
True
Is 566963631181 a composite number?
False
Is 3687114367 a composite number?
False
Is 4359067877 a composite number?
False
Is 51521799079 composite?
False
Is 4361373773 composite?
False
Is 737022631 a prime number?
False
Is 76859622607 a prime number?
False
Is 220809613 composite?
True
Is 6714189931 a composite number?
True
Is 5783233187 prime?
True
Is 175230646511 composite?
False
Is 763962613 a composite number?
True
Is 4955372599 a prime number?
False
Is 6863256137 a composite number?
False
Is 68686795753 a prime number?
True
Is 84035396143 a composite number?
True
Is 14203067449 composite?
True
Is 118492930021 a prime number?
True
Is 44032331363 a composite number?
True
Is 111231513919 prime?
False
Is 79855517542 a prime number?
False
Is 4997897893 a composite number?
False
Is 788972449 a prime number?
True
Is 69960067 composite?
False
Is 39675523177 composite?
False
Is 11637733649 composite?
False
Is 193351849 composite?
False
Is 977670439 composite?
False
Is 6169235953 a prime number?
False
Is 663714539 prime?
False
Is 363248759131 prime?
